9*q(c) - 2*t(c). Suppose -2 = -2*r + 16. Is u(r) prime?
False
Let m(p) = -10*p + 67. Let d be m(6). Suppose d*y + 0*y - 17171 = 0. Is y prime?
False
Let l(d) = -49*d**2 + d - 3. Let i be l(2). Let z = i - -102. Let y = z + 177. Is y composite?
True
Suppose -76 = 2*g - 36. Is (948/(-10))/(g/50) prime?
False
Suppose -13187 = 4*l + 4*k - 3255, -5*k - 7451 = 3*l. Let x = l + 3939. Is x composite?
True
Let m = 45 + -39. Is 1/m - (-2299)/66 a composite number?
True
Let d = -204 - -466. Suppose -4*r - 2 = -d. Is r composite?
True
Suppose -3*i = -1772 + 5. Let o = 1284 - i. Is o prime?
False
Suppose -13*p - 2763 = -22*p. Is p a prime number?
True
Is -25 + 24 - (-13093 - (-2)/(-2)) a composite number?
False
Suppose 675 = w + m, -3*w = -4*w + 3*m + 655. Suppose -5*p = -10*p + w. Let v = -48 + p. Is v a prime number?
False
Suppose 0 = -s + 4*s - 4311. Is s composite?
True
Let q(v) be the first derivative of 3*v**2/2 + 3*v - 1. Let i be q(9). Suppose -i = w - 6*w. Is w a prime number?
False
Let p(s) be the second derivative of s**7/210 + s**6/90 - s**5/30 + s**4/12 + s**3/6 - s. Let n(h) be the second derivative of p(h). Is n(3) prime?
False
Let f(a) = -2*a**2 - 16*a + 20. Let t be f(-9). Let h = -6 - -7. Is ((-1)/t)/(h/(-326)) a prime number?
True
Suppose 36 + 49 = -5*g. Let q be (51/g)/(3/(-773)). Let v = q + -392. Is v a composite number?
True
Let o = -37 + 37. Suppose o = -6*w - 2001 + 13803. Is w prime?
False
Is (-18670)/(-25)*35 - (-2 + -1) composite?
False
Let a = -3579 - -5197. Is a a composite number?
True
Suppose -5*c = -3*c + 16. Let p(z) = -57*z - 11. Let o be p(c). Suppose -8*h + 13*h = o. Is h a composite number?
False
Is 1755/30 + 0 + 6/(-4) a composite number?
True
Suppose 0*j = -3*j - 102. Suppose 3*m - 2*r = 44, -2*m - r = -4*r - 36. Let o = m - j. Is o prime?
False
Let s = 9344 - 5551. Is s a prime number?
True
Suppose -4*s + 6 = -5*x, -4*x + 2*x - 3*s = -16. Let r = 2 + -2. Suppose 2*j + 0*v - x*v - 434 = r, -5*j + 1113 = 2*v. Is j a composite number?
True
Suppose -18*h + 9*h + 32787 = 0. Is h composite?
False
Let m(n) = -n + 2. Let l be m(-3). Suppose 0 = -t + 3*p + 260, l*t - 3*p - 1278 = p. Is t a composite number?
True
Suppose q + 4665 = 2*q. Suppose 16*y = y + q. Is y prime?
True
Suppose -m + 8 = 81. Let t = 104 + m. Is t prime?
True
Suppose 5 = s - 38. Let u = -65 + s. Let a = 33 + u. Is a a composite number?
False
Is (-6 - -4) + -1 + 3316 prime?
True
Suppose 5*v + 3*d = 4*v + 3949, 5*v - 19711 = 2*d. Is v composite?
False
Suppose -3*m + 9584 - 24651 = -2*c, -4*c + 30107 = 3*m. Is c composite?
False
Let t = 80 + 65. Let f = -16 + t. Suppose 18 = 3*o - f. Is o composite?
True
Let r(k) = k**2 - k - 9. Let m = 17 + -9. Let n = 1 - m. Is r(n) a prime number?
True
Suppose -32755 = 18*i - 193477. Is i a composite number?
False
Let m be ((-6)/9)/(6/(-11943)). Suppose -m - 1040 = -9*j. Is j prime?
True
Let o = 17 + -17. Suppose o = 3*c + 3*c - 582. Is c a prime number?
True
Let o(t) = -11*t**3 - 2*t**2 - 7*t**3 + 3*t - 4*t**3 - 4*t + 1. Let v be o(2). Let c = 396 + v. Is c prime?
True
Suppose 12 = 4*b - 3*s + 2*s, 5*b + 2*s - 28 = 0. Is (0 - 1) + 3520/b composite?
True
Let v be 3/(-7) + 54/(-21). Let u be (-1)/v + 28/6. Suppose -2*c + u*c - 231 = 0. Is c composite?
True
Suppose 4 = 4*f - 8. Suppose -3*m + 2 = f*w - 19, 0 = -4*w + 5*m - 17. Suppose q + 6 = w*q. Is q a composite number?
True
Let z(n) = -345 - 6*n - 6*n - n**2 + n**3 + 11*n. Let m be z(0). Let x = m - -508. Is x prime?
True
Suppose -k + 188 = 3*k. Let x = 72 - k. Is (-1007)/(-5) - 10/x a prime number?
False
Is (2*10/(-30))/(2/(-53085)) a prime number?
False
Is (-9)/(-33) - (-1182726)/99 a prime number?
False
Suppose 0 = -5*s + 3*o + 1641, -4*o - 1643 = -6*s + s. Let g = s - 110. Is g prime?
False
Suppose v - 5916 = 5*m, -5*m - 5321 - 12477 = -3*v. Is v prime?
False
Let a = 285 - 281. Let o be (0 - 1/(-2))*12. Is a/o*690/4 a composite number?
True
Let o(i) = -136*i - 10. Let a be o(-3). Suppose 3*f = 5*f - a. Is f a composite number?
False
Is 7/(-42) - (-739921)/42 prime?
False
Suppose -5729 = -4*k - 733. Is k a composite number?
False
Let t(p) = 3 + 6 - 4 - 2 - 1550*p. Is t(-1) composite?
False
Suppose -79513 = -992*b + 985*b. Is b composite?
True
Suppose -q - 4328 = -k, -4*k + 3*q = -8*k + 17305. Is k composite?
False
Let k(s) = 900*s**2 + 21*s + 14. Is k(7) a composite number?
True
Let s = 97 - 91. Suppose -s*i + 432 = -3*i - 3*y, -i + 134 = -3*y. Is i prime?
True
Let d = -17164 + 43845. Is d prime?
True
Let f(r) = -234*r + 3. Let h be f(-2). Suppose 0 = -4*s + 3*n + h, 0 = -4*s + 5*n + 189 + 292. Suppose z = 4*z - s. Is z composite?
True
Let u(d) = 314*d - 19. Suppose 6*c - 13 - 23 = 0. Is u(c) a prime number?
False
Let i = 7 - 5. Suppose -g - 5 = 0, i*g = q - 3*g - 129. Let u = q - 19. Is u composite?
True
Let a be (1/2)/((-1)/(-14)). Let h(m) = -417 + 7*m + 409 + 2*m. Is h(a) prime?
False
Let f(s) = -933*s - 127. Is f(-6) composite?
False
Let g(j) = 373*j**2 - 15*j - 65. Is g(-10) composite?
True
Let y(q) = 489*q**2 + 5*q - 5. Let r(s) = -2446*s**2 - 26*s + 26. Let z(j) = 2*r(j) + 11*y(j). Is z(1) a composite number?
False
Suppose -3*z - c = -10, -z - 4*c = 3 + 1. Suppose -5*s + 28 = 3*a + 5, -z*a = 2*s - 26. Suppose -43 = -a*r + 5*r. Is r prime?
True
Let y = 142219 - 49212. Is y a composite number?
True
Let z(t) = 11*t - 11. Let x = 67 - 32. Let f be 14/x*(15 + 0). Is z(f) prime?
False
Let x = -5126 - -11359. Is x a prime number?
False
Suppose 17*z - 38908 = 18603. Is z composite?
True
Let f = -5428 + 9015. Is f a composite number?
True
Suppose z - 2590 = -2*l, l = -0*l + 5*z + 1273. Is l composite?
True
Suppose -y = -1337 + 165. Suppose -x = -5*x + y. Is x a composite number?
False
Suppose 8*a = 3*a + 4810. Let u = a - 519. Is u a prime number?
True
Suppose 9*y - 166277 = -8*y. Is y a prime number?
True
Suppose -5 = -4*u + 15. Suppose 2*i + 79 + 215 = 2*y, -u*y - 4*i + 762 = 0. Let f = 235 - y. Is f prime?
False
Suppose m = 3*m + 6, -3*r = 3*m - 4224. Is r prime?
False
Let r be ((-10)/4 - 0)*-4. Suppose x + 4545 = r*x. Is x composite?
True
Suppose 0 = -y - 2*y + 9. Suppose -y = -13*k + 12*k. Suppose k*w - 391 = 866. Is w prime?
True
Let f(s) = 2*s - 7. Let q be f(8). Let k(n) be the third derivative of n**4/4 - n**3/6 - n**2. Is k(q) composite?
False
Suppose -2*y - 6 = -30. Let d = y - 10. Is 18 + d/((-2)/3) composite?
True
Let x be (12/(-15))/(2/(-15)). Suppose 0 = x*t + 72 - 12. Is 1057/5 + t/25 a composite number?
False
Is -2 + (7 - (-45734 + -3 + -1)) prime?
False
Let d = 13 + -5. Suppose -d = 16*j - 18*j. Suppose 0 = y + 5*s - 334, j*s + s = 3*y - 922. Is y a prime number?
False
Let t = 16342 + -9273. Is t a composite number?
False
Is -55 + 62 + -2 + 22608 composite?
False
Let z be 160/8*(-68)/(-10). Let d = -81 + z. Is d a composite number?
True
Let n be -3 + 4 - -6*(1 - 0). Suppose 4*p + n*p = 6457. Is p a prime number?
True
Let l be -7 - -5 - (1601 + -1 + 1). Let w = -806 - l. Is w prime?
True
Let i(k) = 450*k**2 - 3*k - 2. Suppose -4*c = -5*c + 4. Suppose -6 = 5*m - 4*q + 11, -3*m = -c*q + 15. Is i(m) a composite number?
True
Let h be (-3 + 4)/((-2)/(-76)). Suppose 0 = -43*i + h*i + 2395. Is i composite?
False
Suppose 0*v - 4*p = v - 35, -3*v + 2*p + 119 = 0. Suppose -3*g = -0*g - 3*f + v, 0 = -3*g - 5*f - 31. Is 2*134*(-21)/g composite?
True
Let u = -24432 + 43079. Suppose -6*o - 5141 = -u. Is o prime?
True
Let c = 5901 - -9388. Let m = -8820 + c. Is m prime?
True
Let g = -25636 - -74099. Is g a composite number?
False
Suppose 2*q - 3*c - c = 34, 48 = 4*q - 3*c. Suppose -q*l = -12*l + 753. Is l prime?
True
Suppose -4*y - 21810 = 4*t + t, 2*y = 5*t + 21780. Is t/(-4 - 0 - -2) a prime number?
True
Let q(d) = -28*d**3 + 2*d**2 + 13*d + 72. Is q(-5) prime?
True
Let z(o) = -16*o - 19*o - 37 + 10. Is z(-12) a composite number?
True
Let l = 1388 + -643. Is l prime?
False
Is (-3 - 20/(-8))*(-3121 + -1) composite?
True
Suppose 44395 = 5*b + 5*u, 6*b = 10*b + 2*u - 35522. Is b prime?
False
Suppose -4*k = -7 - 1. Suppose -o + k*o - 3 = 0. Suppose o*x - 231 = 168. Is x a composite number?
True
Let x(m) = 4538*m**2 + 9*m - 2. Is x(-3) a prime number?
True
Let s = 5930 - 1021. Is s prime?
True
Let t = -10 - -29. Suppose -3*o = -t + 7. Suppose -y = -n - 138, -o*n + 0